 339 a multiple of 6?
False
Does 20 divide 700?
True
Is 10 a factor of 8970?
True
Does 25 divide 300?
True
Does 270 divide 21060?
True
Does 21 divide 1675?
False
Is 954 a multiple of 18?
True
Is 211 a multiple of 8?
False
Is 16 a factor of 4944?
True
Is 15 a factor of 1756?
False
Is 63 a factor of 12726?
True
Is 18 a factor of 1332?
True
Does 4 divide 28?
True
Is 22 a factor of 770?
True
Is 134 a factor of 1206?
True
Is 4918 a multiple of 16?
False
Is 819 a multiple of 5?
False
Does 26 divide 49218?
True
Is 1053 a multiple of 86?
False
Is 87 a factor of 353?
False
Does 94 divide 4996?
False
Is 18 a factor of 522?
True
Is 113 a factor of 2825?
True
Is 16 a factor of 306?
False
Does 17 divide 3927?
True
Is 12 a factor of 1562?
False
Does 28 divide 1680?
True
Is 78 a factor of 3744?
True
Is 40 a factor of 2765?
False
Does 47 divide 1645?
True
Is 40 a factor of 42227?
False
Does 146 divide 14947?
False
Is 14 a factor of 2240?
True
Is 24204 a multiple of 213?
False
Is 435 a multiple of 9?
False
Does 7 divide 308?
True
Does 16 divide 74016?
True
Is 10 a factor of 237?
False
Does 12 divide 10164?
True
Is 205 a multiple of 3?
False
Is 650 a multiple of 10?
True
Does 13 divide 520?
True
Is 21 a factor of 81154?
False
Is 32 a factor of 640?
True
Is 4 a factor of 44372?
True
Is 2 a factor of 118?
True
Does 154 divide 52668?
True
Does 16 divide 176?
True
Is 296 a multiple of 17?
False
Is 181 a multiple of 7?
False
Is 102 a factor of 24480?
True
Is 748 a multiple of 51?
False
Is 5 a factor of 10150?
True
Is 29172 a multiple of 221?
True
Is 63756 a multiple of 66?
True
Is 39 a factor of 702?
True
Does 146 divide 15213?
False
Is 19654 a multiple of 62?
True
Does 42 divide 5907?
False
Is 4 a factor of 16508?
True
Does 9 divide 5040?
True
Is 5028 a multiple of 40?
False
Is 11 a factor of 2200?
True
Is 109 a factor of 327?
True
Is 87120 a multiple of 88?
True
Is 61 a factor of 248?
False
Is 24 a factor of 216?
True
Is 14 a factor of 4873?
False
Is 334 a multiple of 11?
False
Does 86 divide 344?
True
Is 215 a factor of 6367?
False
Does 4 divide 280?
True
Does 57 divide 893?
False
Is 5 a factor of 7680?
True
Is 321 a factor of 36651?
False
Does 16 divide 304?
True
Is 23672 a multiple of 31?
False
Does 45 divide 92025?
True
Is 393 a factor of 47553?
True
Is 2 a factor of 1320?
True
Does 45 divide 2160?
True
Is 24 a factor of 480?
True
Does 233 divide 10014?
False
Does 23 divide 241?
False
Is 325 a multiple of 19?
False
Is 89 a factor of 32181?
False
Does 91 divide 7917?
True
Is 10 a factor of 2270?
True
Does 2 divide 59?
False
Is 1299 a multiple of 95?
False
Does 28 divide 672?
True
Is 3244 a multiple of 11?
False
Does 17 divide 36074?
True
Is 885 a multiple of 15?
True
Is 28 a factor of 1307?
False
Is 7 a factor of 23975?
True
Is 9645 a multiple of 15?
True
Is 10 a factor of 1586?
False
Does 26 divide 880?
False
Does 19 divide 665?
True
Does 132 divide 5616?
False
Does 13 divide 1900?
False
Is 40249 a multiple of 38?
False
Is 221 a multiple of 8?
False
Is 29 a factor of 458?
False
Does 10 divide 2958?
False
Is 3 a factor of 429?
True
Is 1012 a multiple of 44?
True
Is 8 a factor of 269?
False
Is 38621 a multiple of 138?
False
Does 11 divide 107686?
False
Is 14 a factor of 2072?
True
Does 6 divide 516?
True
Is 4988 a multiple of 45?
False
Is 4444 a multiple of 11?
True
Does 100 divide 14200?
True
Is 489 a multiple of 28?
False
Does 5 divide 139?
False
Does 28 divide 43?
False
Is 2088 a multiple of 3?
True
Is 7007 a multiple of 143?
True
Is 1340 a multiple of 67?
True
Does 5 divide 510?
True
Is 504 a factor of 181607?
False
Is 12936 a multiple of 44?
True
Is 1361 a multiple of 54?
False
Is 8 a factor of 84144?
True
Is 3 a factor of 350?
False
Is 6 a factor of 4164?
True
Is 26 a factor of 14222?
True
Is 30 a factor of 600?
True
Does 12 divide 29160?
True
Does 34 divide 1802?
True
Is 64 a factor of 178?
False
Is 75 a factor of 1103?
False
Is 75 a factor of 14526?
False
Is 14 a factor of 871?
False
Does 3 divide 501?
True
Is 10 a factor of 160?
True
Is 1464 a multiple of 122?
True
Is 34 a factor of 1782?
False
Is 398 a factor of 101943?
False
Is 2 a factor of 230?
True
Does 72 divide 41230?
False
Is 2 a factor of 104?
True
Is 12 a factor of 2244?
True
Is 32405 a multiple of 34?
False
Is 3287 a multiple of 15?
False
Does 18 divide 7273?
False
Is 301 a multiple of 41?
False
Is 1870 a multiple of 17?
True
Is 71 a factor of 2982?
True
Does 28 divide 4941?
False
Does 17 divide 233?
False
Is 6816 a multiple of 48?
True
Is 561 a multiple of 2?
False
Is 9 a factor of 945?
True
Is 285 a factor of 88362?
False
Is 153 a factor of 25245?
True
Does 19 divide 493?
False
Does 129 divide 1548?
True
Does 17 divide 14097?
False
Is 912 a multiple of 16?
True
Is 109031 a multiple of 19?
False
Is 176 a multiple of 6?
False
Does 16 divide 7822?
False
Is 276 a factor of 60444?
True
Is 1287 a multiple of 18?
False
Is 11 a factor of 957?
True
Does 45 divide 945?
True
Is 16 a factor of 1174?
False
Is 22 a factor of 354?
False
Does 12 divide 1545?
False
Does 85 divide 22270?
True
Is 9310 a multiple of 38?
True
Is 9 a factor of 8712?
True
Is 8 a factor of 1000?
True
Is 14 a factor of 12404?
True
Is 9047 a multiple of 2?
False
Is 1293 a multiple of 58?
False
Is 4 a factor of 1000?
True
Is 37 a factor of 37?
True
Does 12 divide 1560?
True
Is 688 a multiple of 43?
True
Does 82 divide 19106?
True
Is 11 a factor of 1639?
True
Is 528 a multiple of 14?
False
Is 43 a factor of 32250?
True
Does 113 divide 3151?
False
Does 51 divide 1226?
False
Is 361 a multiple of 19?
True
Is 6440 a multiple of 57?
False
Is 11 a factor of 40136?
False
Is 3420 a multiple of 19?
True
Is 47362 a multiple of 14?
True
Is 90 a factor of 630?
True
Is 107 a factor of 2140?
True
Is 154 a multiple of 14?
True
Is 6 a factor of 3540?
True
Does 15 divide 3270?
True
Is 10778 a multiple of 181?
False
Is 17360 a multiple of 34?
False
Does 50 divide 12250?
True
Does 94 divide 23688?
True
Is 4 a factor of 875?
False
Is 10136 a multiple of 8?
True
Is 3498 a multiple of 22?
True
Does 18 divide 13262?
False
Does 25 divide 7897?
False
Does 31 divide 1798?
True
Does 103 divide 34727?
False
Is 238 a factor of 4998?
True
Is 1590 a multiple of 15?
True
Is 16052 a multiple of 242?
False
Is 6938 a multiple of 74?
False
Is 2219 a multiple of 27?
False
Is 31325 a multiple of 35?
True
Does 92 divide 9292?
True
Is 11520 a multiple of 5?
True
Does 40 divide 16388?
False
Is 19 a factor of 9557?
True
Does 15 divide 308?
False
Is 342 a multiple of 19?
True
Does 18 divide 5472?
True
Is 40 a multiple of 7?
False
Is 1026 a multiple of 21?
False
Is 6980 a multiple of 20?
True
Does 31 divide 562?
False
Does 6 divide 219?
False
Does 14 divide 98?
True
Does 23 divide 18055?
True
Does 11 divide 2585?
True
Is 12747 a multiple of 36?
False
Is 46 a factor of 3036?
True
Is 5684 a multiple of 49?
True
Does 21 divide 6238?
False
Does 84 divide 58716?
True
Is 1575 a multiple of 75?
True
Is 8 a factor of 392?
True
Does 186 divide 14372?
False
Is 18 a factor of 342?
True
Is 11 a factor of 2926?
True
Is 29 a factor of 1158?
False
Is 896 a multiple of 56?
True
Is 111 a factor of 6946?
False
Is 38 a factor of 1140?
True
Is 12 a factor of 6324?
True
Is 4620 a multiple of 22?
True
Is 1637 a multiple of 15?
False
Does 52 divide 23712?
True
Does 5 divide 1460?
True
Is 913 a multiple of 13?
False
Is 5777 a multiple of 11?
False
Is 18 a factor of 1764?
True
Does 4 divide 24936?
True
Is 25 a factor of 60887?
False
Does 44 divide 7568?
True
Is 19 a factor of 13156?
False
Is 2420 a multiple of 55?
True
Is 93 a factor of 22197?
False
Is 16568 a multiple of 23?
False
Is 87771 a multiple of 51?
True
Is 85 a factor of 1215?
False
Does 32 divide 2048?
True
Is 424 a multiple of 7?
False
Is 1657 a multiple of 21?
False
Is 650 a multiple of 50?
True
Is 7 a factor of 1008?
True
Is 47 a factor of 748?
False
Is 11 a factor of 2145?
True
Does 64 divide 1794?
False
Is 10 a factor of 870?
True
Does 10 divide 1863?
False
Does 20 divide 3544?
False
Is 3360 a multiple of 60?
True
Is 67686 a multiple of 174?
True
Does 40 divide 560?
True
Is 144 a multiple of 29?
False
Is 27216 a multiple of 24?
True
Is 1200 a multiple of 80?
True
Is 9 a factor of 279?
True
Is 354 a multiple of 5?
False
Does 10 divi